{"version":"1.0","provider_name":"IFTA AG - Kompetenz aus einer Hand.","provider_url":"http:\/\/ifta-ag.de\/en","author_name":"decisive_herzog","author_url":"http:\/\/ifta-ag.de\/en\/author\/decisive_herzog\/","title":"Regionalfenster - IFTA AG - Kompetenz aus einer Hand.","type":"rich","width":600,"height":338,"html":"<blockquote class=\"wp-embedded-content\" data-secret=\"aklpG2dlZY\"><a href=\"http:\/\/ifta-ag.de\/en\/zertifizierungsstandards\/regionalfenster\/\">Regionalfenster \u201eRegional window\u201c<\/a><\/blockquote><iframe sandbox=\"allow-scripts\" security=\"restricted\" src=\"http:\/\/ifta-ag.de\/en\/zertifizierungsstandards\/regionalfenster\/embed\/#?secret=aklpG2dlZY\" width=\"600\" height=\"338\" title=\"&#8220;Regionalfenster&#8221; &#8212; IFTA AG - Kompetenz aus einer Hand.\" data-secret=\"aklpG2dlZY\" frameborder=\"0\" marginwidth=\"0\" marginheight=\"0\" scrolling=\"no\" class=\"wp-embedded-content\"><\/iframe><script>\n\/*! This file is auto-generated *\/\n!function(d,l){\"use strict\";l.querySelector&&d.addEventListener&&\"undefined\"!=typeof URL&&(d.wp=d.wp||{},d.wp.receiveEmbedMessage||(d.wp.receiveEmbedMessage=function(e){var t=e.data;if((t||t.secret||t.message||t.value)&&!\/[^a-zA-Z0-9]\/.test(t.secret)){for(var s,r,n,a=l.querySelectorAll('iframe[data-secret=\"'+t.secret+'\"]'),o=l.querySelectorAll('blockquote[data-secret=\"'+t.secret+'\"]'),c=new RegExp(\"^https?:$\",\"i\"),i=0;i<o.length;i++)o[i].style.display=\"none\";for(i=0;i<a.length;i++)s=a[i],e.source===s.contentWindow&&(s.removeAttribute(\"style\"),\"height\"===t.message?(1e3<(r=parseInt(t.value,10))?r=1e3:~~r<200&&(r=200),s.height=r):\"link\"===t.message&&(r=new URL(s.getAttribute(\"src\")),n=new URL(t.value),c.test(n.protocol))&&n.host===r.host&&l.activeElement===s&&(d.top.location.href=t.value))}},d.addEventListener(\"message\",d.wp.receiveEmbedMessage,!1),l.addEventListener(\"DOMContentLoaded\",function(){for(var e,t,s=l.querySelectorAll(\"iframe.wp-embedded-content\"),r=0;r<s.length;r++)(t=(e=s[r]).getAttribute(\"data-secret\"))||(t=Math.random().toString(36).substring(2,12),e.src+=\"#?secret=\"+t,e.setAttribute(\"data-secret\",t)),e.contentWindow.postMessage({message:\"ready\",secret:t},\"*\")},!1)))}(window,document);\n\/\/# sourceURL=http:\/\/ifta-ag.de\/wp-includes\/js\/wp-embed.min.js\n<\/script>","description":"&lt;&lt; Zur\u00fcck Regionalfenster Das \u201eRegionalfenster\u201c, das im Auftrag des Bundesministeriums f\u00fcr Ern\u00e4hrung und Landwirtschaft (BMEL) entwickelt wurde, erm\u00f6glicht es den Kunden im Supermarkt, die regionale Herkunft von Lebensmitten zu erkennen. F\u00fcr Verbraucherinnen und Verbraucher ist es zunehmend bedeutender, regionale Produkte zu kaufen. Damit ein Produkt mit dem \u201eRegionalfenster\u201c-Deklarationsfeld gekennzeichnet werden kann, muss es zahlreiche Kriterien [&hellip;]","thumbnail_url":"https:\/\/ifta-ag.de\/wp-content\/uploads\/2025\/09\/zertifizierungsstandards_frei.png"}

&lt;&lt; Zurück Regionalfenster Das „Regionalfenster“, das im Auftrag des Bundesministeriums für Ernährung und Landwirtschaft (BMEL) entwickelt wurde, ermöglicht es den Kunden im Supermarkt, die regionale Herkunft von Lebensmitten zu erkennen. Für Verbraucherinnen und Verbraucher ist es zunehmend bedeutender, regionale Produkte zu kaufen. Damit ein Produkt mit dem „Regionalfenster“-Deklarationsfeld gekennzeichnet werden kann, muss es zahlreiche Kriterien [&hellip;]
